{"id":641,"date":"2017-10-04T08:31:20","date_gmt":"2017-10-04T12:31:20","guid":{"rendered":"http:\/\/tcacwn.com\/patrimoine\/?page_id=641"},"modified":"2017-10-04T08:31:20","modified_gmt":"2017-10-04T12:31:20","slug":"protection-des-renseignements-personnels","status":"publish","type":"page","link":"https:\/\/tcacwn.com\/patrimoine\/protection-des-renseignements-personnels\/","title":{"rendered":"Protection des renseignements personnels"},"content":{"rendered":"<p>Nous ne recueillons aucun renseignement personnel ou information nominative sauf\u00a0:<\/p>\n<ol>\n<li>Via les formulaires de contact que vous remplissez vous-m\u00eame volontairement et que vous nous envoyez.<\/li>\n<li>Via les courriels que vous nous faites parvenir ou les formulaires de contact que vous remplissez et nous envoyez.<\/li>\n<\/ol>\n<p>Nous respectons la confidentialit\u00e9 des renseignements personnels, ne transmettons aucune information personnelle pour des fins de distribution ou de revente dans un but commercial et prenons des mesures raisonnables pour nous prot\u00e9ger du piratage de donn\u00e9es mais nous ne pouvons fournir de garanties \u00e0 cet \u00e9gard.<\/p>\n<p>Il est possible que certaines informations non nominatives soient utilis\u00e9es \u00e0 des fins statistiques. Il est \u00e9galement possible que les logiciels de gestion et d\u2019affichage du site recueillent certaines informations sur votre ordinateur, votre connexion et votre localisation, et ce dans un but op\u00e9rationnel et de gestion des permissions et des acc\u00e8s aux contenus.<\/p>\n","protected":false},"excerpt":{"rendered":"<p>Nous ne recueillons aucun renseignement personnel ou information nominative sauf\u00a0: Via les formulaires de contact que vous remplissez vous-m\u00eame volontairement et que vous nous envoyez. Via les courriels que vous&#8230; <\/p>\n","protected":false},"author":6,"featured_media":0,"parent":0,"menu_order":0,"comment_status":"closed","ping_status":"closed","template":"","meta":[],"_links":{"self":[{"href":"https:\/\/tcacwn.com\/patrimoine\/wp-json\/wp\/v2\/pages\/641"}],"collection":[{"href":"https:\/\/tcacwn.com\/patrimoine\/wp-json\/wp\/v2\/pages"}],"about":[{"href":"https:\/\/tcacwn.com\/patrimoine\/wp-json\/wp\/v2\/types\/page"}],"author":[{"embeddable":true,"href":"https:\/\/tcacwn.com\/patrimoine\/wp-json\/wp\/v2\/users\/6"}],"replies":[{"embeddable":true,"href":"https:\/\/tcacwn.com\/patrimoine\/wp-json\/wp\/v2\/comments?post=641"}],"version-history":[{"count":2,"href":"https:\/\/tcacwn.com\/patrimoine\/wp-json\/wp\/v2\/pages\/641\/revisions"}],"predecessor-version":[{"id":649,"href":"https:\/\/tcacwn.com\/patrimoine\/wp-json\/wp\/v2\/pages\/641\/revisions\/649"}],"wp:attachment":[{"href":"https:\/\/tcacwn.com\/patrimoine\/wp-json\/wp\/v2\/media?parent=641"}],"curies":[{"name":"wp","href":"https:\/\/api.w.org\/{rel}","templated":true}]}}